test common factor of n and 9?
3
Suppose 2*v - 11 = -3*p - 2, -3*p = 15. What is the greatest common divisor of v and 96?
12
Let q be 279/45 - 6 - 1/5. Suppose -2*f = -q*l + 5*l - 18, 0 = 5*l - 3*f - 23. Calculate the greatest common factor of 4 and l.
4
Let c = 154 + -150. Suppose r + c*f - 32 = 9*f, -96 = -3*r - f. What is the highest common divisor of 144 and r?
16
Suppose 8607*g = 8688*g - 972. Let z(u) = 5*u**2 + 2*u + 3. Let o be z(-3). Calculate the greatest common divisor of g and o.
6
Let n be 580/15 - (7/(-3) + 2). Let j = 39 - n. Suppose 6*g - 90 - 6 = j. What is the highest common divisor of g and 128?
16
Let b = 56 - 66. Let i = 16 + b. Suppose -3*s = -4*w + 92, 5*s + i + 0 = w. What is the highest common divisor of w and 13?
13
Let c = -7733 + 7904. Calculate the greatest common divisor of c and 3363.
57
Suppose -2*c - 60 - 266 = 0. Let j = 209 + c. What is the highest common divisor of 92 and j?
46
Let c(x) = -14*x + 13*x + 0*x**2 + 3*x**2 - 2. Let s be c(4). Suppose l - f = -2*f + s, 0 = 5*f + 15. Calculate the highest common divisor of 5 and l.
5
Let n(p) = -p. Let m be n(-1). Let h be m - (-64)/((-6)/(-3)). Let j be 63/6*(-4 - (-480)/112). What is the greatest common divisor of j and h?
3
Let t = -2311 + 2470. Calculate the greatest common factor of 18 and t.
3
Suppose -2*o + 9*l + 468 = 0, -15*o - 683 = -18*o + 4*l. What is the greatest common divisor of o and 2400?
75
Suppose -j + 3*j = 4*l + 24, 4*j - 48 = -3*l. Let a be (-42 + 15)*(-8)/j. Calculate the greatest common divisor of 78 and a.
6
Let j be -32*((-6)/4 + 0). Let i = 74 + -64. Suppose -20*n + i*n + 3840 = 0. Calculate the highest common factor of n and j.
48
Let h be 11 - (-872)/(-80) - (-3998)/20. Let w be (-2)/5 + 46280/h. Calculate the greatest common divisor of 21 and w.
21
Let t be 3 + (-108)/24 + (-138)/(-4). Calculate the highest common factor of 8019 and t.
33
Suppose -7*u = 5*j - 581, -19*j + 15*j - 4*u = -476. What is the greatest common divisor of j and 12474?
126
Suppose 23*n = -13*n + 26997 + 799635. Calculate the highest common factor of n and 258.
258
Let w(j) = -j**3 + j**2 - j + 68. Let p be w(0). Suppose -70*f + p*f - 112 = 0. Let s = 82 + f. What is the greatest common factor of 286 and s?
26
Suppose 291 + 322 = z - y, -625 = -z + 4*y. Suppose 0 = -3*b + z + 84. Let r = -250 + 271. What is the greatest common factor of b and r?
21
Suppose 17 = 3*g - 151. Suppose 8*k + 5*d - 4640 = 3*k, d = k - 920. Suppose 8*o + 3*o = k. Calculate the highest common divisor of g and o.
28
Let q(b) = 1426*b**2 - 261*b + 260. Let t be q(1). Calculate the greatest common divisor of 513 and t.
57
Let l be 1 + -5 - (310 + 61). Let o be ((-128)/10)/((-15)/(l/(-10))). Calculate the highest common divisor of 288 and o.
32
Suppose -5*h - 4*q + 1543 = 0, -697*h - 1240 = -701*h - 4*q. What is the greatest common divisor of h and 54?
3
Suppose 2759 - 545 = -24*b + 42*b. What is the greatest common divisor of b and 246?
123
Suppose 8870 = -20*z - 7410. Let p = z + 1545. Calculate the highest common factor of 17 and p.
17
Suppose -2*p = -16 + 2. Let x = -17584 - -17696. Calculate the highest common factor of p and x.
7
Let s be ((-27)/6 - -4)*10*-23. Let q = 109 - s. Let g(v) = 2*v**2 + 13*v + 27. Let f be g(q). Calculate the greatest common divisor of 84 and f.
21
Suppose 0 = -2*z - 3*x - 55044, 0 = -5*z + 5*x - 7*x - 137588. Let a be z/(-60) - -12 - (-6)/(-10). Calculate the highest common factor of a and 10.
10
Let d be 0 + -2 + (7 - (1 - 212)). Suppose -159*u - d = -177*u. Let m = -68 + 116. What is the highest common factor of u and m?
12
Suppose 2*k + 12 = 6*k. Suppose k*l + 2*l - 2*j + 10 = 0, l = j - 5. Suppose l = -4*g - 2 + 150. What is the greatest common factor of 111 and g?
37
Let s be -3 + (3 - -8477) + (-2)/2 + 2. What is the highest common divisor of s and 54?
54
Let n = 1090 + -523. Suppose 4*y + 5*z + 20 - 104 = 0, 0 = -4*y + 3*z + 84. Calculate the highest common divisor of n and y.
21
Suppose -35*p = -6*p - 1131. What is the greatest common factor of 3679 and p?
13
Suppose 6988 = -98*i + 215*i + 85. What is the greatest common divisor of 3776 and i?
59
Let w(d) = d**2 + 3*d - 44. Let l be w(-14). Suppose 21*f - l = 11*f. Calculate the greatest common factor of f and 2.
1
Suppose 0 = -245*p - 85*p + 22440. Calculate the greatest common divisor of p and 13464.
68
Suppose 4*d + 19*q - 17*q = 148, 0 = 3*d + q - 108. What is the greatest common divisor of d and 1156?
34
Let m be (1*(-231)/(-6))/((-2)/(-12)). Calculate the greatest common divisor of 132 and m.
33
Let i(y) = 12*y**2 - 5*y + 2. Let m be i(1). What is the highest common divisor of m and 1125?
9
Suppose 3*p = 7*p - 12. Let s(i) = -i - 1. Let w(x) = 5*x - 8. Let g(z) = -6*s(z) - w(z). Let l be g(p). Calculate the highest common factor of l and 136.
17
Let d(w) be the first derivative of -11*w**2 + 67*w - 77. Let l be d(3). Calculate the highest common divisor of 25 and l.
1
Let z = -4707 + 6313. Calculate the greatest common divisor of z and 44.
22
Let t be (-8 - -8)*1/(-2). Suppose 4*c + 0*c - 48 = t. Suppose 23 = w - c. Calculate the greatest common divisor of w and 7.
7
Suppose y + 5*y + 126 = 0. Let w be 3*(6 - y/(-9)). What is the highest common factor of 88 and w?
11
Suppose g - 1 + 9 = -2*m, g - 4 = m. Let t = g - -3. Let d = 18 - t. Calculate the highest common divisor of d and 3.
3
Let j(t) = -t**3 + 7*t**2 + 24*t + 6. Let f be j(-11). Suppose 0 = -315*s + 323*s - f. What is the highest common divisor of s and 60?
60
Let n be 6 + 1/(-1 + 4/6). Suppose -l + 40 = n*i, 18*i - 22*i + 3*l + 36 = 0. Calculate the highest common divisor of i and 636.
12
Let j(c) = 2268*c - 65. Let y be j(2). Calculate the greatest common factor of 263 and y.
263
Let p = 8231 - 8141. Calculate the highest common factor of p and 1845.
45
Let l = -147813 - -148527. Suppose -2*o + t = -32, 0 = 3*o - 3*t + 4*t - 53. Calculate the greatest common factor of l and o.
17
Let n = 10667 - 10326. Suppose -6*p + 3*p + 33 = 0. Calculate the highest common divisor of p and n.
11
Let g(h) = 167*h + 1022. Let v be g(-6). What is the highest common factor of v and 2290?
10
Suppose -v = 3, -3*f - 5*v - 14 = 40. Let r(g) = g**2 + 13*g + 13. Let o be r(f). Calculate the greatest common factor of 143 and o.
13
Let p be (182/21)/(1/3). Let t(y) = 2*y - 78. Let a be t(52). Calculate the highest common divisor of p and a.
26
Let x be (3/2*(-956032)/(-3360))/(2/30). Calculate the highest common divisor of 388 and x.
194
Suppose 10*y = s + 17113, 5*s = 219*y - 217*y - 3437. What is the greatest common factor of 413 and y?
59
Let z be ((-16058)/21)/((-12)/18). Calculate the greatest common factor of z and 620.
31
Let l(i) = -11*i + 224. Let j(u) = -22*u + 447. Let p(r) = -4*j(r) + 7*l(r). Let a be p(23). What is the highest common divisor of 6 and a?
3
Let h be 445/(-25) + 4/5. Let r be h/(-51) - (-7)/(-3). Let a be 13 + -14 - 1*74/r. Calculate the greatest common divisor of 396 and a.
36
Let g = -6802 - -6828. Calculate the highest common factor of 221 and g.
13
Let z be 239/1673*(51 + -2). What is the highest common divisor of 9247 and z?
7
Suppose -4*f + 2*m = -36, 3*f - m - 1 = 25. Suppose -42*z = -3334 + 646. Calculate the highest common divisor of f and z.
8
Let h(u) = 116*u - 124. Suppose 63*j = 52*j + 33. Let y be h(j). What is the greatest common factor of 84 and y?
28
Suppose 7*b = -134*o + 138*o + 22, 0 = -2*o - 4. What is the greatest common divisor of 617 and b?
1
Let d = -641 + 994. Suppose -m + d = 3*n, n - 5*m - 93 = 14. Calculate the greatest common divisor of 27 and n.
9
Suppose -318*v + 186354 + 96576 - 38706 = 0. What is the greatest common factor of v and 1632?
96
Let m(o) = 7*o - 294. Let b(l) = 10*l + 317. Let t be b(-27). Let g be m(t). What is the highest common divisor of g and 140?
35
Let v = -1283 - -1288. Suppose -121 = -4*p - 49. Let i be 40/3*p/v. Calculate the highest common factor of 24 and i.
24
Let f = -2 - -8. Let o be (33/f)/((-3)/(-12)). Suppose 3*r - 5 = 94. Calculate the highest common factor of r and o.
11
Suppose -39*b = -9983 - 469. Calculate the highest common divisor of 938 and b.
134
Let j = -137 - -193. Suppose -164 = -3*p - j. Let l be (405/(-5))/(5 + 3 + 38/(-4)). What is the highest commo